{"id":8948,"date":"2025-04-04T11:43:35","date_gmt":"2025-04-04T11:43:35","guid":{"rendered":"http:\/\/entwicklung.spitex-bemeda.ch\/?page_id=8948"},"modified":"2025-05-02T08:18:46","modified_gmt":"2025-05-02T08:18:46","slug":"faq","status":"publish","type":"page","link":"https:\/\/www.spitex-bemeda.ch\/index.php\/faq\/","title":{"rendered":"Fragen &#038; Antworten"},"content":{"rendered":"\t\t<div data-elementor-type=\"wp-page\" data-elementor-id=\"8948\" class=\"elementor elementor-8948\">\n\t\t\t\t<div class=\"elementor-element elementor-element-cdccdc2 e-flex e-con-boxed qodef-elementor-content-no e-con e-parent\" data-id=\"cdccdc2\" data-element_type=\"container\">\n\t\t\t\t\t<div class=\"e-con-inner\">\n\t\t\t\t<div class=\"elementor-element elementor-element-8434c0d elementor-widget-mobile__width-auto elementor-widget elementor-widget-deon_core_accordion\" data-id=\"8434c0d\" data-element_type=\"widget\" data-widget_type=\"deon_core_accordion.default\">\n\t\t\t\t<div class=\"elementor-widget-container\">\n\t\t\t\t\t<div class=\"qodef-shortcode qodef-m  qodef-accordion clear qodef-behavior--toggle  qodef-layout--simple\">\n\t<h6 class=\"qodef-accordion-title\">\n<span class=\"qodef-accordion-mark\">\n\t\t<span class=\"qodef-icon--plus\"><\/span>\n\t\t<span class=\"qodef-icon--minus\"><\/span>\n\t<\/span>\n<span class=\"qodef-tab-title\">Wie erhalten pflegende Angeh\u00f6rige finanzielle Entsch\u00e4digung?<\/span>\n<\/h6>\n<div class=\"qodef-accordion-content\">\n\t<div class=\"qodef-accordion-content-inner\">\n\t\t<p>Pflegende Angeh\u00f6rige k\u00f6nnen sich bei der Spitex Bemeda anstellen lassen und eine Entlohnung erhalten.<\/p><p>Der erste Schritt ist ein Telefongespr\u00e4ch, in dem wir gemeinsam kl\u00e4ren, ob diese M\u00f6glichkeit f\u00fcr Sie besteht.<\/p>\t<\/div>\n<\/div>\n<h6 class=\"qodef-accordion-title\">\n<span class=\"qodef-accordion-mark\">\n\t\t<span class=\"qodef-icon--plus\"><\/span>\n\t\t<span class=\"qodef-icon--minus\"><\/span>\n\t<\/span>\n<span class=\"qodef-tab-title\">Wer z\u00e4hlt zu den pflegenden Angeh\u00f6rigen?<\/span>\n<\/h6>\n<div class=\"qodef-accordion-content\">\n\t<div class=\"qodef-accordion-content-inner\">\n\t\t<p>Wer in der Schweiz Pflegeaufgaben \u00fcbernimmt, sei es als Familienmitglied oder als nahestehende Person,<\/p><p>gilt als \"pflegender Angeh\u00f6riger\".<\/p>\t<\/div>\n<\/div>\n<h6 class=\"qodef-accordion-title\">\n<span class=\"qodef-accordion-mark\">\n\t\t<span class=\"qodef-icon--plus\"><\/span>\n\t\t<span class=\"qodef-icon--minus\"><\/span>\n\t<\/span>\n<span class=\"qodef-tab-title\">Welche Leistungen werden entlohnt?<\/span>\n<\/h6>\n<div class=\"qodef-accordion-content\">\n\t<div class=\"qodef-accordion-content-inner\">\n\t\t<p>Alle grundpflegerischen T\u00e4tigkeiten werden verg\u00fctet. Zu den entlohnten grundpflegerischen T\u00e4tigkeiten z\u00e4hlen unter anderem die Unterst\u00fctzung bei der K\u00f6rperpflege, der Mobilit\u00e4t, der Nahrungsaufnahme sowie der Toilettennutzung.<\/p><p>Betreuungs- und hauswirtschaftliche Leistungen geh\u00f6ren nicht zu den erstattungsf\u00e4higen Leistungen und werden daher nicht verg\u00fctet.<\/p>\t<\/div>\n<\/div>\n<h6 class=\"qodef-accordion-title\">\n<span class=\"qodef-accordion-mark\">\n\t\t<span class=\"qodef-icon--plus\"><\/span>\n\t\t<span class=\"qodef-icon--minus\"><\/span>\n\t<\/span>\n<span class=\"qodef-tab-title\">Was sind die Voraussetzungen?<\/span>\n<\/h6>\n<div class=\"qodef-accordion-content\">\n\t<div class=\"qodef-accordion-content-inner\">\n\t\t<p>Wenn Sie einen Angeh\u00f6rigen dauerhaft pflegen, k\u00f6nnen Sie f\u00fcr Grund- und Hygienepflege eine Verg\u00fctung erhalten.<\/p><p>Dies gilt auch im AHV-Alter.<br \/><br \/>Innerhalb des ersten Jahres m\u00fcssen Sie einen zertifizierten Pflegehelfer\/in Kurs absolvieren und bestehen.<\/p>\t<\/div>\n<\/div>\n<h6 class=\"qodef-accordion-title\">\n<span class=\"qodef-accordion-mark\">\n\t\t<span class=\"qodef-icon--plus\"><\/span>\n\t\t<span class=\"qodef-icon--minus\"><\/span>\n\t<\/span>\n<span class=\"qodef-tab-title\">Wie viel Lohn erhalten pflegende Angeh\u00f6rige?<\/span>\n<\/h6>\n<div class=\"qodef-accordion-content\">\n\t<div class=\"qodef-accordion-content-inner\">\n\t\t<p>Unter dem oben aufgef\u00fchrten Men\u00fcpunkt <em data-start=\"127\" data-end=\"146\">Angeh\u00f6rigenpflege<\/em> finden Sie die Rubrik <em data-start=\"169\" data-end=\"182\">Lohnrechner<\/em>.<\/p><p>Dort erhalten Sie einen \u00dcberblick \u00fcber den Lohn, den Sie erhalten k\u00f6nnten.<\/p>\t<\/div>\n<\/div>\n<h6 class=\"qodef-accordion-title\">\n<span class=\"qodef-accordion-mark\">\n\t\t<span class=\"qodef-icon--plus\"><\/span>\n\t\t<span class=\"qodef-icon--minus\"><\/span>\n\t<\/span>\n<span class=\"qodef-tab-title\">Kostet das Erstgespr\u00e4ch etwas?<\/span>\n<\/h6>\n<div class=\"qodef-accordion-content\">\n\t<div class=\"qodef-accordion-content-inner\">\n\t\t<p>Keineswegs. Auch alle weiteren Beratungstermine und Hausbesuche werden Ihnen kostenfrei angeboten.<\/p>\t<\/div>\n<\/div>\n<h6 class=\"qodef-accordion-title\">\n<span class=\"qodef-accordion-mark\">\n\t\t<span class=\"qodef-icon--plus\"><\/span>\n\t\t<span class=\"qodef-icon--minus\"><\/span>\n\t<\/span>\n<span class=\"qodef-tab-title\">Wie unterst\u00fctzt Bemeda pflegende Angeh\u00f6rige?<\/span>\n<\/h6>\n<div class=\"qodef-accordion-content\">\n\t<div class=\"qodef-accordion-content-inner\">\n\t\t<p>Einmal im Monat besucht Sie eine Pflegefachperson HF, beurteilt die Situation und bietet gezielte Unterst\u00fctzung.<\/p><p>Erg\u00e4nzend finden zwei Telefontermine pro Monat statt. Zus\u00e4tzlich bieten wir Ihnen einen kostenlosen Pflegehelferkurs an.<\/p>\t<\/div>\n<\/div>\n<\/div>\n\t\t\t\t<\/div>\n\t\t\t\t<\/div>\n\t\t\t\t\t<\/div>\n\t\t\t\t<\/div>\n\t\t\t\t<section class=\"elementor-section elementor-top-section elementor-element elementor-element-22c191f elementor-section-full_width elementor-section-height-default elementor-section-height-default qodef-elementor-content-no\" data-id=\"22c191f\" data-element_type=\"section\" data-settings=\"{&quot;background_background&quot;:&quot;gradient&quot;}\">\n\t\t\t\t\t\t\t<div class=\"elementor-background-overlay\"><\/div>\n\t\t\t\t\t\t\t<div class=\"elementor-container elementor-column-gap-no\">\n\t\t\t\t\t<div class=\"elementor-column elementor-col-50 elementor-top-column elementor-element elementor-element-c41ab4d qodef-gradient-background-column--light\" data-id=\"c41ab4d\" data-element_type=\"column\" data-settings=\"{&quot;background_background&quot;:&quot;gradient&quot;}\">\n\t\t\t<div class=\"elementor-widget-wrap elementor-element-populated\">\n\t\t\t\t\t\t<section class=\"elementor-section elementor-inner-section elementor-element elementor-element-ad97729 elementor-section-boxed elementor-section-height-default elementor-section-height-default qodef-elementor-content-no\" data-id=\"ad97729\" data-element_type=\"section\">\n\t\t\t\t\t\t<div class=\"elementor-container elementor-column-gap-default\">\n\t\t\t\t\t<div class=\"elementor-column elementor-col-50 elementor-inner-column elementor-element elementor-element-a761999 qodef-gradient-background-column--no\" data-id=\"a761999\" data-element_type=\"column\">\n\t\t\t<div class=\"elementor-widget-wrap elementor-element-populated\">\n\t\t\t\t\t\t<div class=\"elementor-element elementor-element-6a48c4c elementor-widget elementor-widget-deon_core_section_title\" data-id=\"6a48c4c\" data-element_type=\"widget\" data-widget_type=\"deon_core_section_title.default\">\n\t\t\t\t<div class=\"elementor-widget-container\">\n\t\t\t\t\t<div class=\"qodef-shortcode qodef-m  qodef-section-title qodef-alignment--left  \">\n\t\t\t<h3 class=\"qodef-m-title\" >\n\t\t\t\t\tJobs &amp; Ausbildung\t\t\t<\/h3>\n\t\t<div class=\"qodef-m-section-text\" style=\"margin-top: 19px\"><p>Werde Teil unseres Teams und setz dich f\u00fcr die Gesundheit ein.<\/p><\/div>\n\t\t<\/div>\n\t\t\t\t<\/div>\n\t\t\t\t<\/div>\n\t\t\t\t\t<\/div>\n\t\t<\/div>\n\t\t\t\t<div class=\"elementor-column elementor-col-50 elementor-inner-column elementor-element elementor-element-ee30164 qodef-gradient-background-column--no\" data-id=\"ee30164\" data-element_type=\"column\">\n\t\t\t<div class=\"elementor-widget-wrap elementor-element-populated\">\n\t\t\t\t\t\t<div class=\"elementor-element elementor-element-b4914d5 elementor-widget elementor-widget-html\" data-id=\"b4914d5\" data-element_type=\"widget\" data-widget_type=\"html.default\">\n\t\t\t\t<div class=\"elementor-widget-container\">\n\t\t\t\t\t<a href=\"https:\/\/www.spitex-bemeda.ch\/index.php\/jobs-ausbildung\/\" target=\"_blank\" class=\"qodef-circle-button\">\n  <svg xmlns=\"http:\/\/www.w3.org\/2000\/svg\" xmlns:xlink=\"http:\/\/www.w3.org\/1999\/xlink\" x=\"0px\" y=\"0px\" width=\"90px\" height=\"90px\" viewBox=\"0 0 90 90\" enable-background=\"new 0 0 90 90\" xml:space=\"preserve\">\n    <circle fill=\"none\" stroke=\"#C3C4F9\" stroke-width=\"2\" stroke-miterlimit=\"10\" cx=\"45.567\" cy=\"44.925\" r=\"42\"><\/circle>\n    <g>\n      <path d=\"M51.662,45.394L40.958,56.019l-1.016-0.938l10.235-10.156L40.021,34.769l0.938-0.938l10.704,10.625V45.394z\"><\/path>\n    <\/g>\n  <\/svg>\n<\/a>\t\t\t\t<\/div>\n\t\t\t\t<\/div>\n\t\t\t\t\t<\/div>\n\t\t<\/div>\n\t\t\t\t\t<\/div>\n\t\t<\/section>\n\t\t\t\t\t<\/div>\n\t\t<\/div>\n\t\t\t\t<div class=\"elementor-column elementor-col-50 elementor-top-column elementor-element elementor-element-e0a2fe7 qodef-gradient-background-column--no\" data-id=\"e0a2fe7\" data-element_type=\"column\" data-settings=\"{&quot;background_background&quot;:&quot;classic&quot;}\">\n\t\t\t<div class=\"elementor-widget-wrap elementor-element-populated\">\n\t\t\t\t\t\t<section class=\"elementor-section elementor-inner-section elementor-element elementor-element-e366566 elementor-section-boxed elementor-section-height-default elementor-section-height-default qodef-elementor-content-no\" data-id=\"e366566\" data-element_type=\"section\">\n\t\t\t\t\t\t<div class=\"elementor-container elementor-column-gap-default\">\n\t\t\t\t\t<div class=\"elementor-column elementor-col-50 elementor-inner-column elementor-element elementor-element-28f3545 qodef-gradient-background-column--no\" data-id=\"28f3545\" data-element_type=\"column\">\n\t\t\t<div class=\"elementor-widget-wrap elementor-element-populated\">\n\t\t\t\t\t\t<div class=\"elementor-element elementor-element-1dd539a elementor-widget elementor-widget-deon_core_section_title\" data-id=\"1dd539a\" data-element_type=\"widget\" data-widget_type=\"deon_core_section_title.default\">\n\t\t\t\t<div class=\"elementor-widget-container\">\n\t\t\t\t\t<div class=\"qodef-shortcode qodef-m  qodef-section-title qodef-alignment--left  \">\n\t\t\t<h3 class=\"qodef-m-title\" >\n\t\t\t\t\tUnser Newsletter\t\t\t<\/h3>\n\t\t<div class=\"qodef-m-section-text\" style=\"margin-top: 19px\"><p>Mit unserem Newsletter bleiben Sie immer bestens informiert.<\/p><\/div>\n\t\t<\/div>\n\t\t\t\t<\/div>\n\t\t\t\t<\/div>\n\t\t\t\t\t<\/div>\n\t\t<\/div>\n\t\t\t\t<div class=\"elementor-column elementor-col-50 elementor-inner-column elementor-element elementor-element-2e48283 qodef-gradient-background-column--no\" data-id=\"2e48283\" data-element_type=\"column\">\n\t\t\t<div class=\"elementor-widget-wrap elementor-element-populated\">\n\t\t\t\t\t\t<div class=\"elementor-element elementor-element-8b0e70b elementor-widget elementor-widget-html\" data-id=\"8b0e70b\" data-element_type=\"widget\" data-widget_type=\"html.default\">\n\t\t\t\t<div class=\"elementor-widget-container\">\n\t\t\t\t\t<a href=\"#newsletter-anmeldung\" class=\"qodef-circle-button\">\r\n<svg xmlns=\"http:\/\/www.w3.org\/2000\/svg\" xmlns:xlink=\"http:\/\/www.w3.org\/1999\/xlink\" x=\"0px\" y=\"0px\" width=\"90px\" height=\"90px\" viewBox=\"0 0 90 90\" enable-background=\"new 0 0 90 90\" xml:space=\"preserve\">\r\n<circle fill=\"none\" stroke=\"#C3C4F9\" stroke-width=\"2\" stroke-miterlimit=\"10\" cx=\"45.567\" cy=\"44.925\" r=\"42\"><\/circle>\r\n<g>\r\n\t<path d=\"M51.662,45.394L40.958,56.019l-1.016-0.938l10.235-10.156L40.021,34.769l0.938-0.938l10.704,10.625V45.394z\"><\/path>\r\n<\/g>\r\n<\/svg>\r\n<\/a>\t\t\t\t<\/div>\n\t\t\t\t<\/div>\n\t\t\t\t\t<\/div>\n\t\t<\/div>\n\t\t\t\t\t<\/div>\n\t\t<\/section>\n\t\t\t\t\t<\/div>\n\t\t<\/div>\n\t\t\t\t\t<\/div>\n\t\t<\/section>\n\t\t\t\t<\/div>\n\t\t","protected":false},"excerpt":{"rendered":"<p>Wie erhalten pflegende Angeh\u00f6rige finanzielle Entsch\u00e4digung? Pflegende Angeh\u00f6rige k\u00f6nnen sich bei der Spitex Bemeda anstellen lassen und eine Entlohnung erhalten. Der erste Schritt ist ein Telefongespr\u00e4ch, in dem wir gemeinsam kl\u00e4ren, ob diese M\u00f6glichkeit f\u00fcr Sie besteht. Wer z\u00e4hlt zu den pflegenden Angeh\u00f6rigen? Wer in der Schweiz Pflegeaufgaben \u00fcbernimmt, sei es als Familienmitglied oder als [&hellip;]<\/p>\n","protected":false},"author":8,"featured_media":0,"parent":0,"menu_order":0,"comment_status":"closed","ping_status":"closed","template":"page-full-width.php","meta":{"footnotes":""},"class_list":["post-8948","page","type-page","status-publish","hentry"],"_links":{"self":[{"href":"https:\/\/www.spitex-bemeda.ch\/index.php\/wp-json\/wp\/v2\/pages\/8948","targetHints":{"allow":["GET"]}}],"collection":[{"href":"https:\/\/www.spitex-bemeda.ch\/index.php\/wp-json\/wp\/v2\/pages"}],"about":[{"href":"https:\/\/www.spitex-bemeda.ch\/index.php\/wp-json\/wp\/v2\/types\/page"}],"author":[{"embeddable":true,"href":"https:\/\/www.spitex-bemeda.ch\/index.php\/wp-json\/wp\/v2\/users\/8"}],"replies":[{"embeddable":true,"href":"https:\/\/www.spitex-bemeda.ch\/index.php\/wp-json\/wp\/v2\/comments?post=8948"}],"version-history":[{"count":94,"href":"https:\/\/www.spitex-bemeda.ch\/index.php\/wp-json\/wp\/v2\/pages\/8948\/revisions"}],"predecessor-version":[{"id":9655,"href":"https:\/\/www.spitex-bemeda.ch\/index.php\/wp-json\/wp\/v2\/pages\/8948\/revisions\/9655"}],"wp:attachment":[{"href":"https:\/\/www.spitex-bemeda.ch\/index.php\/wp-json\/wp\/v2\/media?parent=8948"}],"curies":[{"name":"wp","href":"https:\/\/api.w.org\/{rel}","templated":true}]}}