{"id":9841,"date":"2025-05-23T05:26:09","date_gmt":"2025-05-23T05:26:09","guid":{"rendered":"https:\/\/www.spitex-bemeda.ch\/?page_id=9841"},"modified":"2025-09-01T14:55:53","modified_gmt":"2025-09-01T14:55:53","slug":"unsere-geschichte","status":"publish","type":"page","link":"https:\/\/www.spitex-bemeda.ch\/index.php\/unsere-geschichte\/","title":{"rendered":"Unsere Geschichte"},"content":{"rendered":"\t\t<div data-elementor-type=\"wp-page\" data-elementor-id=\"9841\" class=\"elementor elementor-9841\">\n\t\t\t\t<div class=\"elementor-element elementor-element-4abaa71 e-flex e-con-boxed qodef-elementor-content-no e-con e-parent\" data-id=\"4abaa71\" data-element_type=\"container\" data-settings=\"{&quot;background_background&quot;:&quot;classic&quot;}\">\n\t\t\t\t\t<div class=\"e-con-inner\">\n\t\t\t\t<div class=\"elementor-element elementor-element-721b6ab elementor-widget elementor-widget-timeline-widget-addon\" data-id=\"721b6ab\" data-element_type=\"widget\" data-widget_type=\"timeline-widget-addon.default\">\n\t\t\t\t<div class=\"elementor-widget-container\">\n\t\t\t\t\t<!-- ========= Timeline Widget Addon For Elementor 1.6.15 ========= -->\n<div id=\"twae-wrapper-721b6ab\" class=\"twae-vertical twae-wrapper  twae-both-sided\">   \n    <div class=\"twae-start\"><\/div>    \n    <div id=\"twea-timeline-721b6ab\" class=\"twae-timeline\" ><!-- Start of Story Repeater Content --><div id=\"story-0d86d0f\" class=\"twae-story twae-repeater-item twae-story-right twae-story-no-icon\"><!-- Story Label --><div class=\"twae-labels\"><div class=\"twae-label-big\">Mai 2024<\/div><div class=\"twae-label-small\">Z\u00fcrich, Luzern &amp; Thurgau<\/div><\/div><!-- Story Icon --><div class=\"twae-icon\"><i aria-hidden=\"true\" class=\"far fa-clock\"><\/i><\/div><!-- Story Arrow --><div class=\"twae-arrow\"><\/div><!-- Start of Story Content --><div class=\"twae-content\"><!-- Story Title --><div class=\"twae-title\">Neuer Standort Thurgau er\u00f6ffnet - Neue Betriebslizenzen<\/div><!-- Story Image --><div class=\"twae-media large\"><img fetchpriority=\"high\" decoding=\"async\" width=\"1024\" height=\"415\" src=\"https:\/\/www.spitex-bemeda.ch\/wp-content\/uploads\/2025\/05\/Neues-Projekt-1-1024x415.png\" class=\"attachment-large size-large\" alt=\"\" srcset=\"https:\/\/www.spitex-bemeda.ch\/wp-content\/uploads\/2025\/05\/Neues-Projekt-1-1024x415.png 1024w, https:\/\/www.spitex-bemeda.ch\/wp-content\/uploads\/2025\/05\/Neues-Projekt-1-300x121.png 300w, https:\/\/www.spitex-bemeda.ch\/wp-content\/uploads\/2025\/05\/Neues-Projekt-1-768x311.png 768w, https:\/\/www.spitex-bemeda.ch\/wp-content\/uploads\/2025\/05\/Neues-Projekt-1-1536x622.png 1536w, https:\/\/www.spitex-bemeda.ch\/wp-content\/uploads\/2025\/05\/Neues-Projekt-1.png 1640w\" sizes=\"(max-width: 1024px) 100vw, 1024px\" \/><\/div><!-- Story Description --><div class=\"twae-description\"><p>Bemeda ist in den letzten Jahren kontinuierlich gewachsen und hat im Kanton Thurgau einen neuen Standort er\u00f6ffnet. Zudem erweiterten wir stetig unser T\u00e4tigkeitsgebiet und erhielten Betriebslizenzen in den Kantonen Aargau, St. Gallen, Bern, Glarus und Schwyz.<\/p><\/div><\/div><\/div><!-- Start of Story Repeater Content --><div id=\"story-d793fb6\" class=\"twae-story twae-repeater-item twae-story-left twae-story-no-icon\"><!-- Story Label --><div class=\"twae-labels\"><div class=\"twae-label-big\">April 2024<\/div><div class=\"twae-label-small\">Luzern &amp; Z\u00fcrich<\/div><\/div><!-- Story Icon --><div class=\"twae-icon\"><i aria-hidden=\"true\" class=\"far fa-clock\"><\/i><\/div><!-- Story Arrow --><div class=\"twae-arrow\"><\/div><!-- Start of Story Content --><div class=\"twae-content\"><!-- Story Title --><div class=\"twae-title\">Gr\u00fcndung Bemeda AG<\/div><!-- Story Image --><div class=\"twae-media large\"><img decoding=\"async\" width=\"1024\" height=\"415\" src=\"https:\/\/www.spitex-bemeda.ch\/wp-content\/uploads\/2025\/05\/Neues-Projekt-4-1024x415.png\" class=\"attachment-large size-large\" alt=\"\" srcset=\"https:\/\/www.spitex-bemeda.ch\/wp-content\/uploads\/2025\/05\/Neues-Projekt-4-1024x415.png 1024w, https:\/\/www.spitex-bemeda.ch\/wp-content\/uploads\/2025\/05\/Neues-Projekt-4-300x121.png 300w, https:\/\/www.spitex-bemeda.ch\/wp-content\/uploads\/2025\/05\/Neues-Projekt-4-768x311.png 768w, https:\/\/www.spitex-bemeda.ch\/wp-content\/uploads\/2025\/05\/Neues-Projekt-4-1536x622.png 1536w, https:\/\/www.spitex-bemeda.ch\/wp-content\/uploads\/2025\/05\/Neues-Projekt-4.png 1640w\" sizes=\"(max-width: 1024px) 100vw, 1024px\" \/><\/div><!-- Story Description --><div class=\"twae-description\"><p style=\"text-align: left\">Im April 2024 gr\u00fcndeten wir die Bemeda AG mit dem Ziel, unsere Kompetenzen im Rahmen einer strategischen Diversifizierung gezielt zu erweitern und praktisch umzusetzen. Aus diesem Vorhaben gingen die Gesch\u00e4ftsbereiche Bemeda Academy, Bemeda Care und Bemeda Personal hervor.<\/p><\/div><\/div><\/div><!-- Start of Story Repeater Content --><div id=\"story-14fe130\" class=\"twae-story twae-repeater-item twae-story-right twae-story-no-icon\"><!-- Story Label --><div class=\"twae-labels\"><div class=\"twae-label-big\">Januar 2022<\/div><div class=\"twae-label-small\">Luzern &amp; Z\u00fcrich<\/div><\/div><!-- Story Icon --><div class=\"twae-icon\"><i aria-hidden=\"true\" class=\"far fa-clock\"><\/i><\/div><!-- Story Arrow --><div class=\"twae-arrow\"><\/div><!-- Start of Story Content --><div class=\"twae-content\"><!-- Story Title --><div class=\"twae-title\">Neuer Standort Luzern \u2013 St\u00e4rkung der Angeh\u00f6rigenpflege<\/div><!-- Story Image --><div class=\"twae-media large\"><img decoding=\"async\" width=\"1024\" height=\"415\" src=\"https:\/\/www.spitex-bemeda.ch\/wp-content\/uploads\/2025\/05\/Neues-Projekt-2-1024x415.png\" class=\"attachment-large size-large\" alt=\"\" srcset=\"https:\/\/www.spitex-bemeda.ch\/wp-content\/uploads\/2025\/05\/Neues-Projekt-2-1024x415.png 1024w, https:\/\/www.spitex-bemeda.ch\/wp-content\/uploads\/2025\/05\/Neues-Projekt-2-300x121.png 300w, https:\/\/www.spitex-bemeda.ch\/wp-content\/uploads\/2025\/05\/Neues-Projekt-2-768x311.png 768w, https:\/\/www.spitex-bemeda.ch\/wp-content\/uploads\/2025\/05\/Neues-Projekt-2-1536x622.png 1536w, https:\/\/www.spitex-bemeda.ch\/wp-content\/uploads\/2025\/05\/Neues-Projekt-2.png 1640w\" sizes=\"(max-width: 1024px) 100vw, 1024px\" \/><\/div><!-- Story Description --><div class=\"twae-description\"><p>Spitex Bemeda war f\u00fcnf Jahre lang als klassische Spitex-Organisation t\u00e4tig. In dieser Zeit pflegten wir eine enge Zusammenarbeit mit der \u00f6ffentlichen Spitex sowie ausgew\u00e4hlten Reha-Zentren und besch\u00e4ftigten rund 30 Mitarbeitende im Aussendienst. Ab Juni 2022 verlagerten wir unseren Fokus auf die Angeh\u00f6rigenpflege, um unsere Kernkompetenzen in diesem Bereich gezielt einzusetzen.<\/p><\/div><\/div><\/div><!-- Start of Story Repeater Content --><div id=\"story-c964ffc\" class=\"twae-story twae-repeater-item twae-story-left twae-story-no-icon\"><!-- Story Label --><div class=\"twae-labels\"><div class=\"twae-label-big\">November 2020<\/div><div class=\"twae-label-small\">Z\u00fcrich<\/div><\/div><!-- Story Icon --><div class=\"twae-icon\"><i aria-hidden=\"true\" class=\"far fa-clock\"><\/i><\/div><!-- Story Arrow --><div class=\"twae-arrow\"><\/div><!-- Start of Story Content --><div class=\"twae-content\"><!-- Story Title --><div class=\"twae-title\">Zusammenarbeit mit SRK<\/div><!-- Story Image --><div class=\"twae-media large\"><img loading=\"lazy\" decoding=\"async\" width=\"1024\" height=\"415\" src=\"https:\/\/www.spitex-bemeda.ch\/wp-content\/uploads\/2025\/05\/Neues-Projekt-3-1024x415.png\" class=\"attachment-large size-large\" alt=\"\" srcset=\"https:\/\/www.spitex-bemeda.ch\/wp-content\/uploads\/2025\/05\/Neues-Projekt-3-1024x415.png 1024w, https:\/\/www.spitex-bemeda.ch\/wp-content\/uploads\/2025\/05\/Neues-Projekt-3-300x121.png 300w, https:\/\/www.spitex-bemeda.ch\/wp-content\/uploads\/2025\/05\/Neues-Projekt-3-768x311.png 768w, https:\/\/www.spitex-bemeda.ch\/wp-content\/uploads\/2025\/05\/Neues-Projekt-3-1536x622.png 1536w, https:\/\/www.spitex-bemeda.ch\/wp-content\/uploads\/2025\/05\/Neues-Projekt-3.png 1640w\" sizes=\"(max-width: 1024px) 100vw, 1024px\" \/><\/div><!-- Story Description --><div class=\"twae-description\"><p style=\"text-align: left\">Im November 2020 ging Spitex Bemeda eine Partnerschaft mit dem Schweizerischen Roten Kreuz ein, um Notfalldienste anzubieten. Im Rahmen dieser Zusammenarbeit betreuten wir als Unternehmen rund um die Uhr \u00fcber 100 Kunden.<\/p><\/div><\/div><\/div><!-- Start of Story Repeater Content --><div id=\"story-5db8fcc\" class=\"twae-story twae-repeater-item twae-story-right twae-story-no-icon\"><!-- Story Label --><div class=\"twae-labels\"><div class=\"twae-label-big\">M\u00e4rz 2017<\/div><div class=\"twae-label-small\">Z\u00fcrich<\/div><\/div><!-- Story Icon --><div class=\"twae-icon\"><i aria-hidden=\"true\" class=\"far fa-clock\"><\/i><\/div><!-- Story Arrow --><div class=\"twae-arrow\"><\/div><!-- Start of Story Content --><div class=\"twae-content\"><!-- Story Title --><div class=\"twae-title\">Spitex Bemeda Gr\u00fcndung<\/div><!-- Story Image --><div class=\"twae-media large\"><img loading=\"lazy\" decoding=\"async\" width=\"1024\" height=\"384\" src=\"https:\/\/www.spitex-bemeda.ch\/wp-content\/uploads\/2025\/03\/Spitex-Bemeda-Logo-NO-BG-e1741939804178-1024x384.png\" class=\"attachment-large size-large\" alt=\"\" srcset=\"https:\/\/www.spitex-bemeda.ch\/wp-content\/uploads\/2025\/03\/Spitex-Bemeda-Logo-NO-BG-e1741939804178-1024x384.png 1024w, https:\/\/www.spitex-bemeda.ch\/wp-content\/uploads\/2025\/03\/Spitex-Bemeda-Logo-NO-BG-e1741939804178-300x112.png 300w, https:\/\/www.spitex-bemeda.ch\/wp-content\/uploads\/2025\/03\/Spitex-Bemeda-Logo-NO-BG-e1741939804178-768x288.png 768w, https:\/\/www.spitex-bemeda.ch\/wp-content\/uploads\/2025\/03\/Spitex-Bemeda-Logo-NO-BG-e1741939804178-1536x576.png 1536w, https:\/\/www.spitex-bemeda.ch\/wp-content\/uploads\/2025\/03\/Spitex-Bemeda-Logo-NO-BG-e1741939804178-600x225.png 600w, https:\/\/www.spitex-bemeda.ch\/wp-content\/uploads\/2025\/03\/Spitex-Bemeda-Logo-NO-BG-e1741939804178.png 1956w\" sizes=\"(max-width: 1024px) 100vw, 1024px\" \/><\/div><!-- Story Description --><div class=\"twae-description\"><p>Nach mehrj\u00e4hriger Erfahrung in der ambulanten Pflege gr\u00fcndete Denis Gojak im M\u00e4rz 2017 die lizenzierte Spitex-Organisation Bemeda mit Sitz in Z\u00fcrich.<\/p><\/div><\/div><\/div><\/div>\n    <div class=\"twae-end\"><\/div>\n    <\/div><style type=\"text\/css\">@media (max-width: 1024px){ .twae-wrapper{--tw-ybx-size: 80px !important;}}@media (max-width: 767px){ .twae-wrapper{--tw-ybx-size: 80px !important}}<\/style>\t\t\t\t<\/div>\n\t\t\t\t<\/div>\n\t\t\t\t\t<\/div>\n\t\t\t\t<\/div>\n\t\t\t\t<section class=\"elementor-section elementor-top-section elementor-element elementor-element-2214e79 elementor-section-full_width elementor-section-height-default elementor-section-height-default qodef-elementor-content-no\" data-id=\"2214e79\" data-element_type=\"section\">\n\t\t\t\t\t\t<div class=\"elementor-container elementor-column-gap-no\">\n\t\t\t\t\t<div class=\"elementor-column elementor-col-50 elementor-top-column elementor-element elementor-element-a9995f8 qodef-gradient-background-column--light\" data-id=\"a9995f8\" data-element_type=\"column\" data-settings=\"{&quot;background_background&quot;:&quot;gradient&quot;}\">\n\t\t\t<div class=\"elementor-widget-wrap elementor-element-populated\">\n\t\t\t\t\t\t<section class=\"elementor-section elementor-inner-section elementor-element elementor-element-af05c44 elementor-section-boxed elementor-section-height-default elementor-section-height-default qodef-elementor-content-no\" data-id=\"af05c44\" data-element_type=\"section\">\n\t\t\t\t\t\t<div class=\"elementor-container elementor-column-gap-default\">\n\t\t\t\t\t<div class=\"elementor-column elementor-col-50 elementor-inner-column elementor-element elementor-element-b03ba96 qodef-gradient-background-column--no\" data-id=\"b03ba96\" data-element_type=\"column\">\n\t\t\t<div class=\"elementor-widget-wrap elementor-element-populated\">\n\t\t\t\t\t\t<div class=\"elementor-element elementor-element-16e43a1 elementor-widget elementor-widget-deon_core_section_title\" data-id=\"16e43a1\" data-element_type=\"widget\" data-widget_type=\"deon_core_section_title.default\">\n\t\t\t\t<div class=\"elementor-widget-container\">\n\t\t\t\t\t<div class=\"qodef-shortcode qodef-m  qodef-section-title qodef-alignment--left  \">\n\t\t\t<h3 class=\"qodef-m-title\" >\n\t\t\t\t\tJobs &amp; Ausbildung\t\t\t<\/h3>\n\t\t<div class=\"qodef-m-section-text\" style=\"margin-top: 19px\"><p>Werde Teil unseres Teams und setz dich f\u00fcr die Gesundheit ein.<\/p><\/div>\n\t\t<\/div>\n\t\t\t\t<\/div>\n\t\t\t\t<\/div>\n\t\t\t\t\t<\/div>\n\t\t<\/div>\n\t\t\t\t<div class=\"elementor-column elementor-col-50 elementor-inner-column elementor-element elementor-element-3ca52b3 qodef-gradient-background-column--no\" data-id=\"3ca52b3\" data-element_type=\"column\">\n\t\t\t<div class=\"elementor-widget-wrap elementor-element-populated\">\n\t\t\t\t\t\t<div class=\"elementor-element elementor-element-440be13 elementor-widget elementor-widget-html\" data-id=\"440be13\" data-element_type=\"widget\" data-widget_type=\"html.default\">\n\t\t\t\t<div class=\"elementor-widget-container\">\n\t\t\t\t\t<a href=\"https:\/\/www.spitex-bemeda.ch\/index.php\/jobs-ausbildung\/\" target=\"_blank\" class=\"qodef-circle-button\">\n  <svg xmlns=\"http:\/\/www.w3.org\/2000\/svg\" xmlns:xlink=\"http:\/\/www.w3.org\/1999\/xlink\" x=\"0px\" y=\"0px\" width=\"90px\" height=\"90px\" viewBox=\"0 0 90 90\" enable-background=\"new 0 0 90 90\" xml:space=\"preserve\">\n    <circle fill=\"none\" stroke=\"#C3C4F9\" stroke-width=\"2\" stroke-miterlimit=\"10\" cx=\"45.567\" cy=\"44.925\" r=\"42\"><\/circle>\n    <g>\n      <path d=\"M51.662,45.394L40.958,56.019l-1.016-0.938l10.235-10.156L40.021,34.769l0.938-0.938l10.704,10.625V45.394z\"><\/path>\n    <\/g>\n  <\/svg>\n<\/a>\t\t\t\t<\/div>\n\t\t\t\t<\/div>\n\t\t\t\t\t<\/div>\n\t\t<\/div>\n\t\t\t\t\t<\/div>\n\t\t<\/section>\n\t\t\t\t\t<\/div>\n\t\t<\/div>\n\t\t\t\t<div class=\"elementor-column elementor-col-50 elementor-top-column elementor-element elementor-element-7d3fa62 qodef-gradient-background-column--no\" data-id=\"7d3fa62\" data-element_type=\"column\" data-settings=\"{&quot;background_background&quot;:&quot;classic&quot;}\">\n\t\t\t<div class=\"elementor-widget-wrap elementor-element-populated\">\n\t\t\t\t\t\t<section class=\"elementor-section elementor-inner-section elementor-element elementor-element-d14ab1f elementor-section-boxed elementor-section-height-default elementor-section-height-default qodef-elementor-content-no\" data-id=\"d14ab1f\" data-element_type=\"section\">\n\t\t\t\t\t\t<div class=\"elementor-container elementor-column-gap-default\">\n\t\t\t\t\t<div class=\"elementor-column elementor-col-50 elementor-inner-column elementor-element elementor-element-fbb798a qodef-gradient-background-column--no\" data-id=\"fbb798a\" data-element_type=\"column\">\n\t\t\t<div class=\"elementor-widget-wrap elementor-element-populated\">\n\t\t\t\t\t\t<div class=\"elementor-element elementor-element-22b1821 elementor-widget elementor-widget-deon_core_section_title\" data-id=\"22b1821\" data-element_type=\"widget\" data-widget_type=\"deon_core_section_title.default\">\n\t\t\t\t<div class=\"elementor-widget-container\">\n\t\t\t\t\t<div class=\"qodef-shortcode qodef-m  qodef-section-title qodef-alignment--left  \">\n\t\t\t<h3 class=\"qodef-m-title\" >\n\t\t\t\t\tUnser Newsletter\t\t\t<\/h3>\n\t\t<div class=\"qodef-m-section-text\" style=\"margin-top: 19px\"><p>Mit unserem Newsletter bleiben Sie immer bestens informiert.<\/p><\/div>\n\t\t<\/div>\n\t\t\t\t<\/div>\n\t\t\t\t<\/div>\n\t\t\t\t\t<\/div>\n\t\t<\/div>\n\t\t\t\t<div class=\"elementor-column elementor-col-50 elementor-inner-column elementor-element elementor-element-cfd5ac2 qodef-gradient-background-column--no\" data-id=\"cfd5ac2\" data-element_type=\"column\">\n\t\t\t<div class=\"elementor-widget-wrap elementor-element-populated\">\n\t\t\t\t\t\t<div class=\"elementor-element elementor-element-795d569 elementor-widget elementor-widget-html\" data-id=\"795d569\" data-element_type=\"widget\" data-widget_type=\"html.default\">\n\t\t\t\t<div class=\"elementor-widget-container\">\n\t\t\t\t\t<a href=\"#newsletter-anmeldung\" class=\"qodef-circle-button\">\r\n<svg xmlns=\"http:\/\/www.w3.org\/2000\/svg\" xmlns:xlink=\"http:\/\/www.w3.org\/1999\/xlink\" x=\"0px\" y=\"0px\" width=\"90px\" height=\"90px\" viewBox=\"0 0 90 90\" enable-background=\"new 0 0 90 90\" xml:space=\"preserve\">\r\n<circle fill=\"none\" stroke=\"#C3C4F9\" stroke-width=\"2\" stroke-miterlimit=\"10\" cx=\"45.567\" cy=\"44.925\" r=\"42\"><\/circle>\r\n<g>\r\n\t<path d=\"M51.662,45.394L40.958,56.019l-1.016-0.938l10.235-10.156L40.021,34.769l0.938-0.938l10.704,10.625V45.394z\"><\/path>\r\n<\/g>\r\n<\/svg>\r\n<\/a>\t\t\t\t<\/div>\n\t\t\t\t<\/div>\n\t\t\t\t\t<\/div>\n\t\t<\/div>\n\t\t\t\t\t<\/div>\n\t\t<\/section>\n\t\t\t\t\t<\/div>\n\t\t<\/div>\n\t\t\t\t\t<\/div>\n\t\t<\/section>\n\t\t\t\t<\/div>\n\t\t","protected":false},"excerpt":{"rendered":"<p>Mai 2024Z\u00fcrich, Luzern &amp; ThurgauNeuer Standort Thurgau er\u00f6ffnet &#8211; Neue Betriebslizenzen Bemeda ist in den letzten Jahren kontinuierlich gewachsen und hat im Kanton Thurgau einen neuen Standort er\u00f6ffnet. Zudem erweiterten wir stetig unser T\u00e4tigkeitsgebiet und erhielten Betriebslizenzen in den Kantonen Aargau, St. Gallen, Bern, Glarus und Schwyz. April 2024Luzern &amp; Z\u00fcrichGr\u00fcndung Bemeda AG Im April [&hellip;]<\/p>\n","protected":false},"author":8,"featured_media":0,"parent":0,"menu_order":0,"comment_status":"closed","ping_status":"closed","template":"page-full-width.php","meta":{"footnotes":""},"class_list":["post-9841","page","type-page","status-publish","hentry"],"_links":{"self":[{"href":"https:\/\/www.spitex-bemeda.ch\/index.php\/wp-json\/wp\/v2\/pages\/9841","targetHints":{"allow":["GET"]}}],"collection":[{"href":"https:\/\/www.spitex-bemeda.ch\/index.php\/wp-json\/wp\/v2\/pages"}],"about":[{"href":"https:\/\/www.spitex-bemeda.ch\/index.php\/wp-json\/wp\/v2\/types\/page"}],"author":[{"embeddable":true,"href":"https:\/\/www.spitex-bemeda.ch\/index.php\/wp-json\/wp\/v2\/users\/8"}],"replies":[{"embeddable":true,"href":"https:\/\/www.spitex-bemeda.ch\/index.php\/wp-json\/wp\/v2\/comments?post=9841"}],"version-history":[{"count":16,"href":"https:\/\/www.spitex-bemeda.ch\/index.php\/wp-json\/wp\/v2\/pages\/9841\/revisions"}],"predecessor-version":[{"id":9985,"href":"https:\/\/www.spitex-bemeda.ch\/index.php\/wp-json\/wp\/v2\/pages\/9841\/revisions\/9985"}],"wp:attachment":[{"href":"https:\/\/www.spitex-bemeda.ch\/index.php\/wp-json\/wp\/v2\/media?parent=9841"}],"curies":[{"name":"wp","href":"https:\/\/api.w.org\/{rel}","templated":true}]}}