{"id":9877,"date":"2025-05-23T12:48:16","date_gmt":"2025-05-23T12:48:16","guid":{"rendered":"https:\/\/www.spitex-bemeda.ch\/?page_id=9877"},"modified":"2025-09-11T06:18:37","modified_gmt":"2025-09-11T06:18:37","slug":"bemeda-ag","status":"publish","type":"page","link":"https:\/\/www.spitex-bemeda.ch\/index.php\/bemeda-ag\/","title":{"rendered":"Bemeda AG"},"content":{"rendered":"\t\t<div data-elementor-type=\"wp-page\" data-elementor-id=\"9877\" class=\"elementor elementor-9877\">\n\t\t\t\t<div class=\"elementor-element elementor-element-9d1ffba e-flex e-con-boxed qodef-elementor-content-no e-con e-parent\" data-id=\"9d1ffba\" data-element_type=\"container\" data-settings=\"{&quot;background_background&quot;:&quot;classic&quot;}\">\n\t\t\t\t\t<div class=\"e-con-inner\">\n\t\t<div class=\"elementor-element elementor-element-cb9df3b e-con-full e-flex qodef-elementor-content-no e-con e-child\" data-id=\"cb9df3b\" data-element_type=\"container\">\n\t\t\t\t<div class=\"elementor-element elementor-element-ffdb628 elementor-widget elementor-widget-image\" data-id=\"ffdb628\" data-element_type=\"widget\" data-widget_type=\"image.default\">\n\t\t\t\t<div class=\"elementor-widget-container\">\n\t\t\t\t\t\t\t\t\t\t\t\t<figure class=\"wp-caption\">\n\t\t\t\t\t\t\t\t\t\t<img fetchpriority=\"high\" decoding=\"async\" width=\"761\" height=\"1024\" src=\"https:\/\/www.spitex-bemeda.ch\/wp-content\/uploads\/2025\/05\/Denis-761x1024.jpg\" class=\"attachment-large size-large wp-image-9761\" alt=\"\" srcset=\"https:\/\/www.spitex-bemeda.ch\/wp-content\/uploads\/2025\/05\/Denis-761x1024.jpg 761w, https:\/\/www.spitex-bemeda.ch\/wp-content\/uploads\/2025\/05\/Denis-223x300.jpg 223w, https:\/\/www.spitex-bemeda.ch\/wp-content\/uploads\/2025\/05\/Denis-768x1034.jpg 768w, https:\/\/www.spitex-bemeda.ch\/wp-content\/uploads\/2025\/05\/Denis-1141x1536.jpg 1141w, https:\/\/www.spitex-bemeda.ch\/wp-content\/uploads\/2025\/05\/Denis-1522x2048.jpg 1522w, https:\/\/www.spitex-bemeda.ch\/wp-content\/uploads\/2025\/05\/Denis-600x808.jpg 600w, https:\/\/www.spitex-bemeda.ch\/wp-content\/uploads\/2025\/05\/Denis.jpg 1902w\" sizes=\"(max-width: 761px) 100vw, 761px\" \/>\t\t\t\t\t\t\t\t\t\t\t<figcaption class=\"widget-image-caption wp-caption-text\">Denis Gojak<\/figcaption>\n\t\t\t\t\t\t\t\t\t\t<\/figure>\n\t\t\t\t\t\t\t\t\t<\/div>\n\t\t\t\t<\/div>\n\t\t\t\t<\/div>\n\t\t<div class=\"elementor-element elementor-element-b9e097d e-con-full e-flex qodef-elementor-content-no e-con e-child\" data-id=\"b9e097d\" data-element_type=\"container\">\n\t\t\t\t<div class=\"elementor-element elementor-element-4cd5195 elementor-widget elementor-widget-text-editor\" data-id=\"4cd5195\" data-element_type=\"widget\" data-widget_type=\"text-editor.default\">\n\t\t\t\t<div class=\"elementor-widget-container\">\n\t\t\t\t\t\t\t\t\t<p class=\"p1\">Die Geschichte der Bemeda AG ist eng mit der pers\u00f6nlichen Lebensgeschichte und den Werten ihres Gr\u00fcnders, Denis Gojak, verbunden. Als Kriegsfl\u00fcchtling aus Bosnien fand er 1992 mit seiner Familie Zuflucht in der Schweiz \u2013 ein Weg, der von Herausforderungen, aber auch von Chancen gepr\u00e4gt war. Diese Erfahrungen pr\u00e4gten seine Vision und seinen unerm\u00fcdlichen Einsatz f\u00fcr Menschen, die auf Unterst\u00fctzung angewiesen sind.<\/p><p class=\"p1\">Die Arbeit im Gesundheits- und Pflegebereich sieht er nicht nur als Beruf, sondern als gesellschaftliche Verantwortung. Seine Philosophie des Helfens ist gepr\u00e4gt von Solidarit\u00e4t, Mitgef\u00fchl und Verbundenheit mit den Menschen, die Unterst\u00fctzung brauchen:<\/p><p class=\"p1\">\u201eHelfen hei\u00dft f\u00fcr mich, den Menschen dort abzuholen, wo er steht, seine Bed\u00fcrfnisse zu verstehen und ihm zu zeigen, dass er nicht allein ist. Jeder verdient die Chance, sein Potenzial zu entfalten \u2013 unabh\u00e4ngig von seiner Herkunft oder seiner Lebenssituation.\u201c<br \/>(Interview mit Denis Gojak, Verein Bildungschance, Jahresbericht 2023, S. 12).<\/p><p class=\"p1\">Aus dieser \u00dcberzeugung heraus gr\u00fcndete Herr Gojak im M\u00e4rz 2017 die Spitex Bemeda und bietet seitdem standardisierte Spitex-Dienstleistungen in verschiedenen Regionen an. Der erste Standort befand sich im Kanton Z\u00fcrich, wo Spitex Bemeda\u00a0Kooperationen mit lokalen Spitex-Organisationen und Gesundheitsinstitutionen pflegte \u2013 insbesondere mit Spitex Richterswil, Spitex Z\u00fcrich sowie diversen Reha-Zentren.<\/p><p class=\"p1\">\u00a0<\/p>\t\t\t\t\t\t\t\t<\/div>\n\t\t\t\t<\/div>\n\t\t\t\t<\/div>\n\t\t\t\t\t<\/div>\n\t\t\t\t<\/div>\n\t\t<div class=\"elementor-element elementor-element-c396e63 e-flex e-con-boxed qodef-elementor-content-no e-con e-parent\" data-id=\"c396e63\" data-element_type=\"container\" data-settings=\"{&quot;background_background&quot;:&quot;classic&quot;}\">\n\t\t\t\t\t<div class=\"e-con-inner\">\n\t\t\t\t<div class=\"elementor-element elementor-element-ddc156a elementor-widget elementor-widget-text-editor\" data-id=\"ddc156a\" data-element_type=\"widget\" data-widget_type=\"text-editor.default\">\n\t\t\t\t<div class=\"elementor-widget-container\">\n\t\t\t\t\t\t\t\t\t<p class=\"p1\">Die Spitex Bemeda wechselte von der Bemeda Ltd. Zweigniederlassung Z\u00fcrich zur Bemeda AG mit Sitz im Kanton Luzern. Die bestehende Struktur, Infrastruktur und das Team wurden vollst\u00e4ndig \u00fcbernommen, um Kontinuit\u00e4t und Stabilit\u00e4t zu gew\u00e4hrleisten. Als aktives Mitglied der ASPS-Organisation hat sich Bemeda AG der spezialisierten Betreuung von pflegenden Angeh\u00f6rigen verschrieben. Im Rahmen des geltenden Administrativvertrags verpflichten wir uns, allen AG-pflegenden Mitarbeitenden ohne abgeschlossene Pflegeausbildung innerhalb eines Jahres eine Weiterbildung zu erm\u00f6glichen \u2013 in Form des Pflegehelferkurses. Ein wesentliches Element unserer Arbeit ist die kontinuierliche Unterst\u00fctzung und Beratung von pflegenden Angeh\u00f6rigen. Wir legen grossen Wert auf:<\/p><p class=\"p1\"><span class=\"s1\">\u2022<\/span> Regelm\u00e4ssigen Kontakt mit unseren AG-pflegenden Mitarbeitenden<\/p><p class=\"p1\"><span class=\"s1\">\u2022<\/span> Vor-Ort-Besuche und individuelle Beratung<\/p><p class=\"p1\"><span class=\"s1\">\u2022<\/span> Bedarfsorientierte Schulungen im Rahmen der Bemeda Academy (Pilot Gruppe) oder andere Partner Schulen<\/p><p class=\"p1\">Unser Ziel ist es, pflegenden Angeh\u00f6rigen nicht nur die notwendigen Kompetenzen, sondern auch ein Gef\u00fchl der Wertsch\u00e4tzung, Sicherheit und Unterst\u00fctzung zu vermitteln.<\/p><p class=\"p1\"><b>Projekte und Zukunftsvisionen<\/b><\/p><p class=\"p1\">Bemeda AG setzt sich aktiv f\u00fcr die Weiterbildung ihrer Mitarbeitenden ein. Im Fokus steht der Aufbau der <b>Bemeda Academy<\/b>, die sich aktuell im Zertifizierungsprozess befindet. Ziel ist es, allen AG-pflegenden Mitarbeitenden kostenlose interne Schulungen zu erm\u00f6glichen und so die Qualit\u00e4t der Pflege nachhaltig zu sichern.<\/p><p class=\"p1\">Neben der ambulanten Betreuung arbeitet Bemeda AG an einem neuen Projekt: <b>Bemeda Care<\/b> \u2013 eine Pflegewohngruppe mit 12 Pflegepl\u00e4tzen in Luzern-Littau. Ziel ist es, eine famili\u00e4re und individuelle Betreuung f\u00fcr pflegebed\u00fcrftige Menschen anzubieten, die sowohl den Klienten als auch deren Angeh\u00f6rigen eine sp\u00fcrbare Entlastung bringt.<\/p><p class=\"p1\">Bildung und Nachwuchsf\u00f6rderung sind f\u00fcr uns ein zentrales Anliegen. Wir sind \u00fcberzeugt, dass die Zukunft der Pflege auf gut ausgebildeten, engagierten Fachkr\u00e4ften basiert. Deshalb begleiten wir mit grosser Freude junge Menschen auf ihrem Ausbildungsweg und engagieren uns aktiv in der Ausbildung neuer Fachkr\u00e4fte. Aktuell betreuen wir zwei KV-Lernende in unserer Organisation und freuen uns darauf, k\u00fcnftig auch Lernende und Studierende im Pflegebereich auf ihrem Weg zu begleiten und zu f\u00f6rdern. Dar\u00fcber hinaus sind wir aktives Mitglied im Verein <i>Bildungsnetz Kolibris<\/i>, der als Reaktion auf die Pflegeinitiative gegr\u00fcndet wurde. Ziel dieses Vereins ist die Etablierung eines Rotationssystems f\u00fcr Ausbildungspl\u00e4tze zwischen privaten Spitex-Institutionen in der Zentralschweiz.<\/p><p class=\"p1\"><b>Unsere Vision f\u00fcr die Zukunft<\/b><\/p><p class=\"p1\">Wir m\u00f6chten unsere Rolle als spezialisierter Partner f\u00fcr pflegende Angeh\u00f6rige weiter st\u00e4rken und die Qualit\u00e4t der Pflege kontinuierlich verbessern. Durch gezielte Aus- und Weiterbildung, innovative Betreuungsangebote und die enge Zusammenarbeit mit Angeh\u00f6rigen und Partnerorganisationen wollen wir auch k\u00fcnftig einen wertvollen Beitrag zur Versorgung und Entlastung von pflegenden Angeh\u00f6rigen in der Schweiz leisten.<\/p><p class=\"p1\">\u00a0<\/p>\t\t\t\t\t\t\t\t<\/div>\n\t\t\t\t<\/div>\n\t\t\t\t\t<\/div>\n\t\t\t\t<\/div>\n\t\t\t\t<section class=\"elementor-section elementor-top-section elementor-element elementor-element-2214e79 elementor-section-full_width elementor-section-height-default elementor-section-height-default qodef-elementor-content-no\" data-id=\"2214e79\" data-element_type=\"section\">\n\t\t\t\t\t\t<div class=\"elementor-container elementor-column-gap-no\">\n\t\t\t\t\t<div class=\"elementor-column elementor-col-50 elementor-top-column elementor-element elementor-element-a9995f8 qodef-gradient-background-column--light\" data-id=\"a9995f8\" data-element_type=\"column\" data-settings=\"{&quot;background_background&quot;:&quot;gradient&quot;}\">\n\t\t\t<div class=\"elementor-widget-wrap elementor-element-populated\">\n\t\t\t\t\t\t<section class=\"elementor-section elementor-inner-section elementor-element elementor-element-af05c44 elementor-section-boxed elementor-section-height-default elementor-section-height-default qodef-elementor-content-no\" data-id=\"af05c44\" data-element_type=\"section\">\n\t\t\t\t\t\t<div class=\"elementor-container elementor-column-gap-default\">\n\t\t\t\t\t<div class=\"elementor-column elementor-col-50 elementor-inner-column elementor-element elementor-element-b03ba96 qodef-gradient-background-column--no\" data-id=\"b03ba96\" data-element_type=\"column\">\n\t\t\t<div class=\"elementor-widget-wrap elementor-element-populated\">\n\t\t\t\t\t\t<div class=\"elementor-element elementor-element-16e43a1 elementor-widget elementor-widget-deon_core_section_title\" data-id=\"16e43a1\" data-element_type=\"widget\" data-widget_type=\"deon_core_section_title.default\">\n\t\t\t\t<div class=\"elementor-widget-container\">\n\t\t\t\t\t<div class=\"qodef-shortcode qodef-m  qodef-section-title qodef-alignment--left  \">\n\t\t\t<h3 class=\"qodef-m-title\" >\n\t\t\t\t\tJobs &amp; Ausbildung\t\t\t<\/h3>\n\t\t<div class=\"qodef-m-section-text\" style=\"margin-top: 19px\"><p>Werde Teil unseres Teams und setz dich f\u00fcr die Gesundheit ein.<\/p><\/div>\n\t\t<\/div>\n\t\t\t\t<\/div>\n\t\t\t\t<\/div>\n\t\t\t\t\t<\/div>\n\t\t<\/div>\n\t\t\t\t<div class=\"elementor-column elementor-col-50 elementor-inner-column elementor-element elementor-element-3ca52b3 qodef-gradient-background-column--no\" data-id=\"3ca52b3\" data-element_type=\"column\">\n\t\t\t<div class=\"elementor-widget-wrap elementor-element-populated\">\n\t\t\t\t\t\t<div class=\"elementor-element elementor-element-440be13 elementor-widget elementor-widget-html\" data-id=\"440be13\" data-element_type=\"widget\" data-widget_type=\"html.default\">\n\t\t\t\t<div class=\"elementor-widget-container\">\n\t\t\t\t\t<a href=\"https:\/\/www.spitex-bemeda.ch\/index.php\/jobs-ausbildung\/\" target=\"_blank\" class=\"qodef-circle-button\">\n  <svg xmlns=\"http:\/\/www.w3.org\/2000\/svg\" xmlns:xlink=\"http:\/\/www.w3.org\/1999\/xlink\" x=\"0px\" y=\"0px\" width=\"90px\" height=\"90px\" viewBox=\"0 0 90 90\" enable-background=\"new 0 0 90 90\" xml:space=\"preserve\">\n    <circle fill=\"none\" stroke=\"#C3C4F9\" stroke-width=\"2\" stroke-miterlimit=\"10\" cx=\"45.567\" cy=\"44.925\" r=\"42\"><\/circle>\n    <g>\n      <path d=\"M51.662,45.394L40.958,56.019l-1.016-0.938l10.235-10.156L40.021,34.769l0.938-0.938l10.704,10.625V45.394z\"><\/path>\n    <\/g>\n  <\/svg>\n<\/a>\t\t\t\t<\/div>\n\t\t\t\t<\/div>\n\t\t\t\t\t<\/div>\n\t\t<\/div>\n\t\t\t\t\t<\/div>\n\t\t<\/section>\n\t\t\t\t\t<\/div>\n\t\t<\/div>\n\t\t\t\t<div class=\"elementor-column elementor-col-50 elementor-top-column elementor-element elementor-element-7d3fa62 qodef-gradient-background-column--no\" data-id=\"7d3fa62\" data-element_type=\"column\" data-settings=\"{&quot;background_background&quot;:&quot;classic&quot;}\">\n\t\t\t<div class=\"elementor-widget-wrap elementor-element-populated\">\n\t\t\t\t\t\t<section class=\"elementor-section elementor-inner-section elementor-element elementor-element-d14ab1f elementor-section-boxed elementor-section-height-default elementor-section-height-default qodef-elementor-content-no\" data-id=\"d14ab1f\" data-element_type=\"section\">\n\t\t\t\t\t\t<div class=\"elementor-container elementor-column-gap-default\">\n\t\t\t\t\t<div class=\"elementor-column elementor-col-50 elementor-inner-column elementor-element elementor-element-fbb798a qodef-gradient-background-column--no\" data-id=\"fbb798a\" data-element_type=\"column\">\n\t\t\t<div class=\"elementor-widget-wrap elementor-element-populated\">\n\t\t\t\t\t\t<div class=\"elementor-element elementor-element-22b1821 elementor-widget elementor-widget-deon_core_section_title\" data-id=\"22b1821\" data-element_type=\"widget\" data-widget_type=\"deon_core_section_title.default\">\n\t\t\t\t<div class=\"elementor-widget-container\">\n\t\t\t\t\t<div class=\"qodef-shortcode qodef-m  qodef-section-title qodef-alignment--left  \">\n\t\t\t<h3 class=\"qodef-m-title\" >\n\t\t\t\t\tUnser Newsletter\t\t\t<\/h3>\n\t\t<div class=\"qodef-m-section-text\" style=\"margin-top: 19px\"><p>Mit unserem Newsletter bleiben Sie immer bestens informiert.<\/p><\/div>\n\t\t<\/div>\n\t\t\t\t<\/div>\n\t\t\t\t<\/div>\n\t\t\t\t\t<\/div>\n\t\t<\/div>\n\t\t\t\t<div class=\"elementor-column elementor-col-50 elementor-inner-column elementor-element elementor-element-cfd5ac2 qodef-gradient-background-column--no\" data-id=\"cfd5ac2\" data-element_type=\"column\">\n\t\t\t<div class=\"elementor-widget-wrap elementor-element-populated\">\n\t\t\t\t\t\t<div class=\"elementor-element elementor-element-795d569 elementor-widget elementor-widget-html\" data-id=\"795d569\" data-element_type=\"widget\" data-widget_type=\"html.default\">\n\t\t\t\t<div class=\"elementor-widget-container\">\n\t\t\t\t\t<a href=\"#newsletter-anmeldung\" class=\"qodef-circle-button\">\r\n<svg xmlns=\"http:\/\/www.w3.org\/2000\/svg\" xmlns:xlink=\"http:\/\/www.w3.org\/1999\/xlink\" x=\"0px\" y=\"0px\" width=\"90px\" height=\"90px\" viewBox=\"0 0 90 90\" enable-background=\"new 0 0 90 90\" xml:space=\"preserve\">\r\n<circle fill=\"none\" stroke=\"#C3C4F9\" stroke-width=\"2\" stroke-miterlimit=\"10\" cx=\"45.567\" cy=\"44.925\" r=\"42\"><\/circle>\r\n<g>\r\n\t<path d=\"M51.662,45.394L40.958,56.019l-1.016-0.938l10.235-10.156L40.021,34.769l0.938-0.938l10.704,10.625V45.394z\"><\/path>\r\n<\/g>\r\n<\/svg>\r\n<\/a>\t\t\t\t<\/div>\n\t\t\t\t<\/div>\n\t\t\t\t\t<\/div>\n\t\t<\/div>\n\t\t\t\t\t<\/div>\n\t\t<\/section>\n\t\t\t\t\t<\/div>\n\t\t<\/div>\n\t\t\t\t\t<\/div>\n\t\t<\/section>\n\t\t\t\t<\/div>\n\t\t","protected":false},"excerpt":{"rendered":"<p>Denis Gojak Die Geschichte der Bemeda AG ist eng mit der pers\u00f6nlichen Lebensgeschichte und den Werten ihres Gr\u00fcnders, Denis Gojak, verbunden. Als Kriegsfl\u00fcchtling aus Bosnien fand er 1992 mit seiner Familie Zuflucht in der Schweiz \u2013 ein Weg, der von Herausforderungen, aber auch von Chancen gepr\u00e4gt war. Diese Erfahrungen pr\u00e4gten seine Vision und seinen unerm\u00fcdlichen [&hellip;]<\/p>\n","protected":false},"author":8,"featured_media":0,"parent":0,"menu_order":0,"comment_status":"closed","ping_status":"closed","template":"page-full-width.php","meta":{"footnotes":""},"class_list":["post-9877","page","type-page","status-publish","hentry"],"_links":{"self":[{"href":"https:\/\/www.spitex-bemeda.ch\/index.php\/wp-json\/wp\/v2\/pages\/9877","targetHints":{"allow":["GET"]}}],"collection":[{"href":"https:\/\/www.spitex-bemeda.ch\/index.php\/wp-json\/wp\/v2\/pages"}],"about":[{"href":"https:\/\/www.spitex-bemeda.ch\/index.php\/wp-json\/wp\/v2\/types\/page"}],"author":[{"embeddable":true,"href":"https:\/\/www.spitex-bemeda.ch\/index.php\/wp-json\/wp\/v2\/users\/8"}],"replies":[{"embeddable":true,"href":"https:\/\/www.spitex-bemeda.ch\/index.php\/wp-json\/wp\/v2\/comments?post=9877"}],"version-history":[{"count":49,"href":"https:\/\/www.spitex-bemeda.ch\/index.php\/wp-json\/wp\/v2\/pages\/9877\/revisions"}],"predecessor-version":[{"id":10050,"href":"https:\/\/www.spitex-bemeda.ch\/index.php\/wp-json\/wp\/v2\/pages\/9877\/revisions\/10050"}],"wp:attachment":[{"href":"https:\/\/www.spitex-bemeda.ch\/index.php\/wp-json\/wp\/v2\/media?parent=9877"}],"curies":[{"name":"wp","href":"https:\/\/api.w.org\/{rel}","templated":true}]}}